{"id":1215,"date":"2018-07-07T14:25:23","date_gmt":"2018-07-07T12:25:23","guid":{"rendered":"https:\/\/www.plasti-dip.es\/vinilo-liquido\/product\/vlp-cuero-liquido-kit-reparacion-de-cuero-y-vinilo\/"},"modified":"2026-03-12T21:02:43","modified_gmt":"2026-03-12T19:02:43","slug":"vlp-cuero-liquido-kit-reparacion-de-cuero-y-vinilo","status":"publish","type":"product","link":"https:\/\/www.plasti-dip.es\/vinilo-liquido\/producto\/vlp-cuero-liquido-kit-reparacion-de-cuero-y-vinilo\/","title":{"rendered":"VLP Cuero liquido Kit reparacion de cuero y vinilo."},"content":{"rendered":"<p>Kit de reparaci&oacute;n para cuero y vinilo, VLP, fabricado por Performix. Este producto ofrece una soluci&oacute;n de alta resistencia dise&ntilde;ada para reparar peque&ntilde;os rasgones y agujeros en superficies recubiertas de cuero o en la mayor&iacute;a de tipos de vinilo. Una reparaci&oacute;n realizada con VLP queda m&aacute;s fuerte que la pieza original de cuero o de vinilo.<\/p>\n<p>Podemos reparar f&aacute;cilmente peque&ntilde;os da&ntilde;os en el cuero de forma r&aacute;pida y eficaz con el VLP cuero l&iacute;quido. El cuero l&iacute;quido es un l&iacute;quido transparente indicado para hacer reparaciones en el cuero en el superficies de vinilo tipo polipiel, puede tapar grietas, o peque&ntilde;os agujeros asi como cortes en la piel.<br \/>\nDespues de secarse, queda suave y flexible, puede mejorrarse el tacto con una esponja de un grano fino, y si fuese necesario podriamos colorear el producto mediante un aer&oacute;grafo o el color de la piel original.<br \/>\nAntes de aplicar el producto, la superficie donde se aplique ha d estar perfectamente l&iacute;mpia, de esta forma nos aseguramos una adherencia correcta del producto.<br \/>\nPodemos usar un desengrasante, ya que la grasa superficial puede hacer que el producto no adhiera correctamente. Es interesante disponer de una esponja o lija fina para tratar la superficie antes y despues del tratamiento. La aplicaci&oacute;n puede realizarse con una esp&aacute;tula, eligir la herramienta correcta nos dara un mejor acabado.<\/p>\n<h2>Caracter&iacute;sticas:<\/h2>\n<p>&#8211; Seca al aire. no es preciso acelerar el secado.<br \/>\n&#8211; Podemos aplicarlo sobre cuero o vinilo coloreado. El VLP es transparente.<br \/>\n&#8211; Muy f&aacute;cil de usar.<br \/>\n&#8211; F&oacute;rmula de alta resistencia, dejando la superficie m&aacute;s fuerte que la original.<br \/>\n&#8211; Mantiene la flexibilidad de la pieza original.<br \/>\n&#8211; Resistente al clima i a los productos qu&iacute;micos.<br \/>\n&#8211; No amarillea, ni se vuelve fr&aacute;gil.<\/p>\n<h2>Modo de uso del reparador de piel:<\/h2>\n<p>La superficie debe estar limpia y seca. Para obtener los mejores resultados, evite la luz directa del sol, la humedad alta o las condiciones ventosas.<\/p>\n<p>&nbsp;<\/p>\n<h2>Reparar peque&ntilde;os agujeros y rasgaduras en la piel:<\/h2>\n<p>Aplique una peque&ntilde;a cantidad de VLP en &aacute;reas da&ntilde;adas. Espere 2 horas de tiempo de secado m&iacute;nimo.<\/p>\n<h2>Reparar l&aacute;grimas largas en la piel<\/h2>\n<p>Tire de la zona a reparar puede usar una cinta adhesiva cada centimetro. Aplique un cord&oacute;n de unos milimetros en las &aacute;reas descubiertas. Deje secar durante 30 minutos. Retire cuidadosamente la cinta adhesiva. Aplique un cord&oacute;n de unos milimetros de VLP a lo largo de todo el &aacute;rea de reparaci&oacute;n. Deje 4 horas como m&iacute;nimo, tiempo de secado antes de usar. Pruebe el producto en un &aacute;rea poco visible. Sugerencia: No ensucie la VLP en materiales te&ntilde;idos, ya que podr&iacute;a causar decoloraci&oacute;n. Use alcohol para limpiar superficies de vinilo. Permita el secado durante la noche siempre que sea posible antes de usarlo.<\/p>\n<h2>Ideas extra para su aplicacion<\/h2>\n<p>VLP se utiliza t&iacute;picamente en muebles de vinilo, toldos, lonas, l&aacute;minas de vinilo, equipaje, ropa impermeable, botas, etc. Debido a su uni&oacute;n y resistencia a la tracci&oacute;n, VLP tambi&eacute;n act&uacute;a como un &quot;respaldo&quot; a costuras de vinilo cosido cuando se aplica a la parte trasera De la costura en producci&oacute;n<\/p>\n","protected":false},"excerpt":{"rendered":"<p>VLP Cuero liquido Kit reparacion de cuero y vinilo.<\/p>\n","protected":false},"featured_media":17808,"comment_status":"open","ping_status":"closed","template":"","meta":{"site-sidebar-layout":"default","site-content-layout":"default","ast-site-content-layout":"default","site-content-style":"default","site-sidebar-style":"default","ast-global-header-display":"","ast-banner-title-visibility":"","ast-main-header-display":"","ast-hfb-above-header-display":"","ast-hfb-below-header-display":"","ast-hfb-mobile-header-display":"","site-post-title":"","ast-breadcrumbs-content":"","ast-featured-img":"","footer-sml-layout":"","ast-disable-related-posts":"","theme-transparent-header-meta":"default","adv-header-id-meta":"","stick-header-meta":"","header-above-stick-meta":"","header-main-stick-meta":"","header-below-stick-meta":"","astra-migrate-meta-layouts":"default","ast-page-background-enabled":"default","ast-page-background-meta":{"desktop":{"background-color":"","background-image":"","background-repeat":"repeat","background-position":"center center","background-size":"auto","background-attachment":"scroll","background-type":"","background-media":"","overlay-type":"","overlay-color":"","overlay-opacity":"","overlay-gradient":""},"tablet":{"background-color":"","background-image":"","background-repeat":"repeat","background-position":"center center","background-size":"auto","background-attachment":"scroll","background-type":"","background-media":"","overlay-type":"","overlay-color":"","overlay-opacity":"","overlay-gradient":""},"mobile":{"background-color":"","background-image":"","background-repeat":"repeat","background-position":"center center","background-size":"auto","background-attachment":"scroll","background-type":"","background-media":"","overlay-type":"","overlay-color":"","overlay-opacity":"","overlay-gradient":""}},"ast-content-background-meta":{"desktop":{"background-color":"var(--ast-global-color-5)","background-image":"","background-repeat":"repeat","background-position":"center center","background-size":"auto","background-attachment":"scroll","background-type":"","background-media":"","overlay-type":"","overlay-color":"","overlay-opacity":"","overlay-gradient":""},"tablet":{"background-color":"var(--ast-global-color-5)","background-image":"","background-repeat":"repeat","background-position":"center center","background-size":"auto","background-attachment":"scroll","background-type":"","background-media":"","overlay-type":"","overlay-color":"","overlay-opacity":"","overlay-gradient":""},"mobile":{"background-color":"var(--ast-global-color-5)","background-image":"","background-repeat":"repeat","background-position":"center center","background-size":"auto","background-attachment":"scroll","background-type":"","background-media":"","overlay-type":"","overlay-color":"","overlay-opacity":"","overlay-gradient":""}}},"product_brand":[],"product_cat":[2205],"product_tag":[],"class_list":{"0":"post-1215","1":"product","2":"type-product","3":"status-publish","4":"has-post-thumbnail","6":"product_cat-reparacion-cuero","7":"desktop-align-left","8":"tablet-align-left","9":"mobile-align-left","11":"first","12":"instock","13":"taxable","14":"shipping-taxable","15":"purchasable","16":"product-type-simple"},"yoast_head":"<!-- This site is optimized with the Yoast SEO plugin v27.2 - https:\/\/yoast.com\/product\/yoast-seo-wordpress\/ -->\n<title>Cuero l\u00edquido para reparar piel y vinilo<\/title>\n<meta name=\"description\" content=\"Kit de reparaci\u00f3n para cuero y vinilo, VLP, fabricado por Performix. Este producto ofrece una soluci\u00f3n de alta resistencia dise\u00f1ada para reparar cuero\" \/>\n<meta name=\"robots\" content=\"index, follow, max-snippet:-1, max-image-preview:large, max-video-preview:-1\" \/>\n<link rel=\"canonical\" href=\"https:\/\/www.plasti-dip.es\/vinilo-liquido\/producto\/vlp-cuero-liquido-kit-reparacion-de-cuero-y-vinilo\/\" \/>\n<meta property=\"og:locale\" content=\"es_ES\" \/>\n<meta property=\"og:type\" content=\"article\" \/>\n<meta property=\"og:title\" content=\"Cuero l\u00edquido para reparar piel y vinilo\" \/>\n<meta property=\"og:description\" content=\"Kit de reparaci\u00f3n para cuero y vinilo, VLP, fabricado por Performix. Este producto ofrece una soluci\u00f3n de alta resistencia dise\u00f1ada para reparar cuero\" \/>\n<meta property=\"og:url\" content=\"https:\/\/www.plasti-dip.es\/vinilo-liquido\/producto\/vlp-cuero-liquido-kit-reparacion-de-cuero-y-vinilo\/\" \/>\n<meta property=\"og:site_name\" content=\"Plastidip Espa\u00f1a\" \/>\n<meta property=\"article:publisher\" content=\"https:\/\/www.facebook.com\/trp.plastidip\/\" \/>\n<meta property=\"article:modified_time\" content=\"2026-03-12T19:02:43+00:00\" \/>\n<meta property=\"og:image\" content=\"https:\/\/www.plasti-dip.es\/vinilo-liquido\/wp-content\/uploads\/2018\/07\/vlp-cuero.webp\" \/>\n\t<meta property=\"og:image:width\" content=\"640\" \/>\n\t<meta property=\"og:image:height\" content=\"582\" \/>\n\t<meta property=\"og:image:type\" content=\"image\/webp\" \/>\n<meta name=\"twitter:card\" content=\"summary_large_image\" \/>\n<meta name=\"twitter:label1\" content=\"Tiempo de lectura\" \/>\n\t<meta name=\"twitter:data1\" content=\"3 minutos\" \/>\n<!-- \/ Yoast SEO plugin. -->","yoast_head_json":{"title":"Cuero l\u00edquido para reparar piel y vinilo","description":"Kit de reparaci\u00f3n para cuero y vinilo, VLP, fabricado por Performix. Este producto ofrece una soluci\u00f3n de alta resistencia dise\u00f1ada para reparar cuero","robots":{"index":"index","follow":"follow","max-snippet":"max-snippet:-1","max-image-preview":"max-image-preview:large","max-video-preview":"max-video-preview:-1"},"canonical":"https:\/\/www.plasti-dip.es\/vinilo-liquido\/producto\/vlp-cuero-liquido-kit-reparacion-de-cuero-y-vinilo\/","og_locale":"es_ES","og_type":"article","og_title":"Cuero l\u00edquido para reparar piel y vinilo","og_description":"Kit de reparaci\u00f3n para cuero y vinilo, VLP, fabricado por Performix. Este producto ofrece una soluci\u00f3n de alta resistencia dise\u00f1ada para reparar cuero","og_url":"https:\/\/www.plasti-dip.es\/vinilo-liquido\/producto\/vlp-cuero-liquido-kit-reparacion-de-cuero-y-vinilo\/","og_site_name":"Plastidip Espa\u00f1a","article_publisher":"https:\/\/www.facebook.com\/trp.plastidip\/","article_modified_time":"2026-03-12T19:02:43+00:00","og_image":[{"width":640,"height":582,"url":"https:\/\/www.plasti-dip.es\/vinilo-liquido\/wp-content\/uploads\/2018\/07\/vlp-cuero.webp","type":"image\/webp"}],"twitter_card":"summary_large_image","twitter_misc":{"Tiempo de lectura":"3 minutos"},"schema":{"@context":"https:\/\/schema.org","@graph":[{"@type":"WebPage","@id":"https:\/\/www.plasti-dip.es\/vinilo-liquido\/producto\/vlp-cuero-liquido-kit-reparacion-de-cuero-y-vinilo\/","url":"https:\/\/www.plasti-dip.es\/vinilo-liquido\/producto\/vlp-cuero-liquido-kit-reparacion-de-cuero-y-vinilo\/","name":"Cuero l\u00edquido para reparar piel y vinilo","isPartOf":{"@id":"https:\/\/www.plasti-dip.es\/vinilo-liquido\/#website"},"primaryImageOfPage":{"@id":"https:\/\/www.plasti-dip.es\/vinilo-liquido\/producto\/vlp-cuero-liquido-kit-reparacion-de-cuero-y-vinilo\/#primaryimage"},"image":{"@id":"https:\/\/www.plasti-dip.es\/vinilo-liquido\/producto\/vlp-cuero-liquido-kit-reparacion-de-cuero-y-vinilo\/#primaryimage"},"thumbnailUrl":"https:\/\/www.plasti-dip.es\/vinilo-liquido\/wp-content\/uploads\/2026\/02\/075815100016.jpg","datePublished":"2018-07-07T12:25:23+00:00","dateModified":"2026-03-12T19:02:43+00:00","description":"Kit de reparaci\u00f3n para cuero y vinilo, VLP, fabricado por Performix. Este producto ofrece una soluci\u00f3n de alta resistencia dise\u00f1ada para reparar cuero","breadcrumb":{"@id":"https:\/\/www.plasti-dip.es\/vinilo-liquido\/producto\/vlp-cuero-liquido-kit-reparacion-de-cuero-y-vinilo\/#breadcrumb"},"inLanguage":"es","potentialAction":[{"@type":"ReadAction","target":["https:\/\/www.plasti-dip.es\/vinilo-liquido\/producto\/vlp-cuero-liquido-kit-reparacion-de-cuero-y-vinilo\/"]}]},{"@type":"ImageObject","inLanguage":"es","@id":"https:\/\/www.plasti-dip.es\/vinilo-liquido\/producto\/vlp-cuero-liquido-kit-reparacion-de-cuero-y-vinilo\/#primaryimage","url":"https:\/\/www.plasti-dip.es\/vinilo-liquido\/wp-content\/uploads\/2026\/02\/075815100016.jpg","contentUrl":"https:\/\/www.plasti-dip.es\/vinilo-liquido\/wp-content\/uploads\/2026\/02\/075815100016.jpg","width":800,"height":600,"caption":"VLP Cuero liquido Kit reparacion de cuero y vinilo."},{"@type":"BreadcrumbList","@id":"https:\/\/www.plasti-dip.es\/vinilo-liquido\/producto\/vlp-cuero-liquido-kit-reparacion-de-cuero-y-vinilo\/#breadcrumb","itemListElement":[{"@type":"ListItem","position":1,"name":"Home","item":"https:\/\/www.plasti-dip.es\/vinilo-liquido\/"},{"@type":"ListItem","position":2,"name":"Tienda","item":"https:\/\/www.plasti-dip.es\/vinilo-liquido\/"},{"@type":"ListItem","position":3,"name":"VLP Cuero liquido Kit reparacion de cuero y vinilo."}]},{"@type":"WebSite","@id":"https:\/\/www.plasti-dip.es\/vinilo-liquido\/#website","url":"https:\/\/www.plasti-dip.es\/vinilo-liquido\/","name":"Plastidip Espa\u00f1a","description":"Vinilo l\u00edquido Plastidip - Impresionantemente vers\u00e1til, Removible, Aislante, Impermeable, Antideslizante","publisher":{"@id":"https:\/\/www.plasti-dip.es\/vinilo-liquido\/#organization"},"potentialAction":[{"@type":"SearchAction","target":{"@type":"EntryPoint","urlTemplate":"https:\/\/www.plasti-dip.es\/vinilo-liquido\/?s={search_term_string}"},"query-input":{"@type":"PropertyValueSpecification","valueRequired":true,"valueName":"search_term_string"}}],"inLanguage":"es"},{"@type":"Organization","@id":"https:\/\/www.plasti-dip.es\/vinilo-liquido\/#organization","name":"Plastidip Espa\u00f1a - Technical Racing Products S.L.","url":"https:\/\/www.plasti-dip.es\/vinilo-liquido\/","logo":{"@type":"ImageObject","inLanguage":"es","@id":"https:\/\/www.plasti-dip.es\/vinilo-liquido\/#\/schema\/logo\/image\/","url":"https:\/\/www.plasti-dip.es\/vinilo-liquido\/wp-content\/uploads\/2016\/10\/cropped-Plasti-Dip-Logo.png","contentUrl":"https:\/\/www.plasti-dip.es\/vinilo-liquido\/wp-content\/uploads\/2016\/10\/cropped-Plasti-Dip-Logo.png","width":484,"height":110,"caption":"Plastidip Espa\u00f1a - Technical Racing Products S.L."},"image":{"@id":"https:\/\/www.plasti-dip.es\/vinilo-liquido\/#\/schema\/logo\/image\/"},"sameAs":["https:\/\/www.facebook.com\/trp.plastidip\/","https:\/\/www.youtube.com\/user\/minizchannel"]}]}},"amp_enabled":true,"_links":{"self":[{"href":"https:\/\/www.plasti-dip.es\/vinilo-liquido\/wp-json\/wp\/v2\/product\/1215","targetHints":{"allow":["GET"]}}],"collection":[{"href":"https:\/\/www.plasti-dip.es\/vinilo-liquido\/wp-json\/wp\/v2\/product"}],"about":[{"href":"https:\/\/www.plasti-dip.es\/vinilo-liquido\/wp-json\/wp\/v2\/types\/product"}],"replies":[{"embeddable":true,"href":"https:\/\/www.plasti-dip.es\/vinilo-liquido\/wp-json\/wp\/v2\/comments?post=1215"}],"version-history":[{"count":2,"href":"https:\/\/www.plasti-dip.es\/vinilo-liquido\/wp-json\/wp\/v2\/product\/1215\/revisions"}],"predecessor-version":[{"id":15833,"href":"https:\/\/www.plasti-dip.es\/vinilo-liquido\/wp-json\/wp\/v2\/product\/1215\/revisions\/15833"}],"wp:featuredmedia":[{"embeddable":true,"href":"https:\/\/www.plasti-dip.es\/vinilo-liquido\/wp-json\/wp\/v2\/media\/17808"}],"wp:attachment":[{"href":"https:\/\/www.plasti-dip.es\/vinilo-liquido\/wp-json\/wp\/v2\/media?parent=1215"}],"wp:term":[{"taxonomy":"product_brand","embeddable":true,"href":"https:\/\/www.plasti-dip.es\/vinilo-liquido\/wp-json\/wp\/v2\/product_brand?post=1215"},{"taxonomy":"product_cat","embeddable":true,"href":"https:\/\/www.plasti-dip.es\/vinilo-liquido\/wp-json\/wp\/v2\/product_cat?post=1215"},{"taxonomy":"product_tag","embeddable":true,"href":"https:\/\/www.plasti-dip.es\/vinilo-liquido\/wp-json\/wp\/v2\/product_tag?post=1215"}],"curies":[{"name":"wp","href":"https:\/\/api.w.org\/{rel}","templated":true}]}}